{"id":67,"date":"2026-03-31T17:11:53","date_gmt":"2026-03-31T15:11:53","guid":{"rendered":"https:\/\/centerfetewp.hiboubox.com\/?page_id=67"},"modified":"2026-03-31T17:11:53","modified_gmt":"2026-03-31T15:11:53","slug":"%f0%9f%8e%86-artifices-petards","status":"publish","type":"page","link":"https:\/\/centerfetewp.hiboubox.com\/index.php\/%f0%9f%8e%86-artifices-petards\/","title":{"rendered":"\ud83c\udf86 Artifices &#038; P\u00e9tards"},"content":{"rendered":"\n<p class=\"has-text-align-center\">\u00c9clairez vos f\u00eates avec notre s\u00e9lection de feux d&rsquo;artifice, p\u00e9tards, sparklers et fumig\u00e8nes<\/p>\n\n\n\n<div class=\"wp-block-media-text is-stacked-on-mobile\"><figure class=\"wp-block-media-text__media\"><img fetchpriority=\"high\" decoding=\"async\" width=\"1024\" height=\"973\" src=\"https:\/\/centerfetewp.hiboubox.com\/wp-content\/uploads\/2026\/03\/feu-dartifice-e1556874994132-1024x973.webp\" alt=\"\" class=\"wp-image-68 size-full\" srcset=\"https:\/\/centerfetewp.hiboubox.com\/wp-content\/uploads\/2026\/03\/feu-dartifice-e1556874994132-1024x973.webp 1024w, https:\/\/centerfetewp.hiboubox.com\/wp-content\/uploads\/2026\/03\/feu-dartifice-e1556874994132-300x285.webp 300w, https:\/\/centerfetewp.hiboubox.com\/wp-content\/uploads\/2026\/03\/feu-dartifice-e1556874994132-768x730.webp 768w, https:\/\/centerfetewp.hiboubox.com\/wp-content\/uploads\/2026\/03\/feu-dartifice-e1556874994132.webp 1500w\" sizes=\"(max-width: 1024px) 100vw, 1024px\" \/><\/figure><div class=\"wp-block-media-text__content\">\n<p class=\"has-text-align-center\"><br><strong>Illuminez vos c\u00e9l\u00e9brations !<\/strong><\/p>\n\n\n\n<p>Center F\u00eate vous propose une s\u00e9lection d&rsquo;artifices et de p\u00e9tards pour animer tous vos \u00e9v\u00e9nements festifs. Du Nouvel An aux mariages, en passant par les anniversaires et les f\u00eates nationales.<\/p>\n\n\n\n<p>Nous proposons des articles de cat\u00e9gorie F1 et F2, adapt\u00e9s \u00e0 une utilisation par le grand public dans votre jardin ou espace ext\u00e9rieur.<\/p>\n\n\n\n<p>\ud83c\udf86Canons \u00e0 confettis<\/p>\n\n\n\n<p>\ud83c\udf86Bouquets de feux d&rsquo;artifice<\/p>\n\n\n\n<p>\ud83c\udf86Sparklers \/ cierges magiques<\/p>\n\n\n\n<p>\ud83c\udf86P\u00e9tards et cr\u00e9pitants<\/p>\n\n\n\n<p>\ud83c\udf86Fumig\u00e8nes color\u00e9s<\/p>\n\n\n\n<p>\ud83c\udf86Fontaines de feu<\/p>\n<\/div><\/div>\n\n\n\n<div class=\"wp-block-cover is-light\" style=\"min-height:208px;aspect-ratio:unset;\"><span aria-hidden=\"true\" class=\"wp-block-cover__background has-luminous-vivid-amber-background-color has-background-dim-100 has-background-dim\"><\/span><div class=\"wp-block-cover__inner-container is-layout-constrained wp-block-cover-is-layout-constrained\">\n<p class=\"has-text-align-center has-large-font-size\">\u26a0\ufe0f<strong>Important :<\/strong>\u00a0Nos artifices sont vendus exclusivement aux personnes majeures. Utilisez toujours les artifices en ext\u00e9rieur, en respectant les consignes de s\u00e9curit\u00e9 et la r\u00e9glementation en vigueur. Tenir hors de port\u00e9e des enfants.<\/p>\n<\/div><\/div>\n\n\n\n<p><\/p>\n\n\n\n<h2 class=\"wp-block-heading has-text-align-center\">Notre s\u00e9lection d&rsquo;artifices<\/h2>\n\n\n\n<p class=\"has-text-align-center\">Pour illuminer tous vos \u00e9v\u00e9nements festifs en toute s\u00e9curit\u00e9<\/p>\n\n\n\n<div class=\"wp-block-buttons is-content-justification-center is-layout-flex wp-container-core-buttons-is-layout-a89b3969 wp-block-buttons-is-layout-flex\">\n<div class=\"wp-block-button\"><a class=\"wp-block-button__link wp-element-button\"><strong>Feux d&rsquo;artifice<\/strong><\/a><\/div>\n\n\n\n<div class=\"wp-block-button\"><a class=\"wp-block-button__link wp-element-button\"><strong>P\u00e9tards<\/strong><\/a><\/div>\n\n\n\n<div class=\"wp-block-button\"><a class=\"wp-block-button__link wp-element-button\"><strong>Fumig\u00e8nes<\/strong><\/a><\/div>\n\n\n\n<div class=\"wp-block-button\"><a class=\"wp-block-button__link wp-element-button\"><strong>Canons \u00e0 confettis<\/strong><\/a><\/div>\n<\/div>\n\n\n\n<p><\/p>\n\n\n\n<div class=\"wp-block-columns is-layout-flex wp-container-core-columns-is-layout-28f84493 wp-block-columns-is-layout-flex\">\n<div class=\"wp-block-column is-layout-flow wp-block-column-is-layout-flow\">\n<h3 class=\"wp-block-heading has-text-align-center\">\ud83d\udd1e Vente aux majeurs<\/h3>\n\n\n\n<p class=\"has-text-align-center\">Conform\u00e9ment \u00e0 la r\u00e9glementation, nos artifices sont vendus uniquement aux personnes de 18 ans et plus.<\/p>\n<\/div>\n\n\n\n<div class=\"wp-block-column is-layout-flow wp-block-column-is-layout-flow\">\n<h3 class=\"wp-block-heading has-text-align-center\">\ud83c\udfe1Usage jardin<\/h3>\n\n\n\n<p class=\"has-text-align-center\">Nos articles cat. F1 &amp; F2 sont adapt\u00e9s aux particuliers pour une utilisation en ext\u00e9rieur.<\/p>\n<\/div>\n<\/div>\n\n\n\n<div class=\"wp-block-columns is-layout-flex wp-container-core-columns-is-layout-28f84493 wp-block-columns-is-layout-flex\">\n<div class=\"wp-block-column is-layout-flow wp-block-column-is-layout-flow\">\n<h3 class=\"wp-block-heading has-text-align-center\">\ud83d\udcc5Disponibles toute l&rsquo;ann\u00e9e<\/h3>\n\n\n\n<p class=\"has-text-align-center\">Nouvel An, 14 juillet, mariage, anniversaire\u2026 nos artifices sont en stock toute l&rsquo;ann\u00e9e.<\/p>\n<\/div>\n\n\n\n<div class=\"wp-block-column is-layout-flow wp-block-column-is-layout-flow\">\n<h3 class=\"wp-block-heading has-text-align-center\">\u26a0\ufe0fS\u00e9curit\u00e9 avant tout<\/h3>\n\n\n\n<p class=\"has-text-align-center\">Respectez toujours les consignes d&rsquo;utilisation et maintenez une distance de s\u00e9curit\u00e9.<\/p>\n<\/div>\n<\/div>\n\n\n\n<p><\/p>\n","protected":false},"excerpt":{"rendered":"<p>\u00c9clairez vos f\u00eates avec notre s\u00e9lection de feux d&rsquo;artifice, p\u00e9tards, sparklers et fumig\u00e8nes Illuminez vos c\u00e9l\u00e9brations ! Center F\u00eate vous propose une s\u00e9lection d&rsquo;artifices et de p\u00e9tards pour animer tous vos \u00e9v\u00e9nements festifs. Du Nouvel An aux mariages, en passant par les anniversaires et les f\u00eates nationales. Nous proposons des articles de cat\u00e9gorie F1 et [&hellip;]<\/p>\n","protected":false},"author":2,"featured_media":0,"parent":0,"menu_order":0,"comment_status":"closed","ping_status":"closed","template":"","meta":{"footnotes":""},"class_list":["post-67","page","type-page","status-publish","hentry"],"_links":{"self":[{"href":"https:\/\/centerfetewp.hiboubox.com\/index.php\/wp-json\/wp\/v2\/pages\/67","targetHints":{"allow":["GET"]}}],"collection":[{"href":"https:\/\/centerfetewp.hiboubox.com\/index.php\/wp-json\/wp\/v2\/pages"}],"about":[{"href":"https:\/\/centerfetewp.hiboubox.com\/index.php\/wp-json\/wp\/v2\/types\/page"}],"author":[{"embeddable":true,"href":"https:\/\/centerfetewp.hiboubox.com\/index.php\/wp-json\/wp\/v2\/users\/2"}],"replies":[{"embeddable":true,"href":"https:\/\/centerfetewp.hiboubox.com\/index.php\/wp-json\/wp\/v2\/comments?post=67"}],"version-history":[{"count":1,"href":"https:\/\/centerfetewp.hiboubox.com\/index.php\/wp-json\/wp\/v2\/pages\/67\/revisions"}],"predecessor-version":[{"id":69,"href":"https:\/\/centerfetewp.hiboubox.com\/index.php\/wp-json\/wp\/v2\/pages\/67\/revisions\/69"}],"wp:attachment":[{"href":"https:\/\/centerfetewp.hiboubox.com\/index.php\/wp-json\/wp\/v2\/media?parent=67"}],"curies":[{"name":"wp","href":"https:\/\/api.w.org\/{rel}","templated":true}]}}