{"id":6,"date":"2026-03-31T15:12:10","date_gmt":"2026-03-31T13:12:10","guid":{"rendered":"https:\/\/centerfetewp.hiboubox.com\/?page_id=6"},"modified":"2026-03-31T16:13:33","modified_gmt":"2026-03-31T14:13:33","slug":"faites-de-chaque-momentune-fete-inoubliable","status":"publish","type":"page","link":"https:\/\/centerfetewp.hiboubox.com\/","title":{"rendered":"\u2728 Votre sp\u00e9cialiste de la f\u00eate depuis + de 20 ans"},"content":{"rendered":"\n<h1 class=\"wp-block-heading has-text-align-center has-luminous-vivid-amber-color has-text-color has-link-color wp-elements-0fcd4fa9b64bf7a734656052d7b1f30d\">Faites de chaque moment<br><em>une f\u00eate inoubliable<\/em><\/h1>\n\n\n\n<p class=\"has-text-align-center\">D\u00e9couvrez notre large choix d&rsquo;articles festifs pour tous vos \u00e9v\u00e9nements : anniversaires, mariages, bapt\u00eames, d\u00e9guisements et bien plus encore<\/p>\n\n\n\n<div class=\"wp-block-buttons is-content-justification-center is-layout-flex wp-container-core-buttons-is-layout-a89b3969 wp-block-buttons-is-layout-flex\">\n<div class=\"wp-block-button\"><a class=\"wp-block-button__link has-luminous-vivid-amber-color has-text-color has-link-color wp-element-button\"><strong>2<\/strong> Magasins<\/a><\/div>\n\n\n\n<div class=\"wp-block-button\"><a class=\"wp-block-button__link has-luminous-vivid-amber-color has-text-color has-link-color wp-element-button\"><strong>+1000<\/strong> R\u00e9f\u00e9rences<\/a><\/div>\n\n\n\n<div class=\"wp-block-button\"><a class=\"wp-block-button__link has-luminous-vivid-amber-color has-text-color has-link-color wp-element-button\"><strong>4.7 \u2605<\/strong> Avis Google<\/a><\/div>\n\n\n\n<div class=\"wp-block-button\"><a class=\"wp-block-button__link has-luminous-vivid-amber-color has-text-color has-link-color wp-element-button\"><strong>20+<\/strong> Ans d&rsquo;exp\u00e9rience<\/a><\/div>\n<\/div>\n\n\n\n<p><\/p>\n\n\n\n<h2 class=\"wp-block-heading has-text-align-center has-vivid-purple-color has-text-color has-link-color wp-elements-03fb0b84bdd66a157e6b00d5fb2f4e80\">Tous vos articles de f\u00eate<\/h2>\n\n\n\n<p class=\"has-text-align-center\">Trouvez tout ce qu&rsquo;il vous faut pour organiser une f\u00eate r\u00e9ussie<\/p>\n\n\n\n<div class=\"wp-block-columns is-layout-flex wp-container-core-columns-is-layout-28f84493 wp-block-columns-is-layout-flex\">\n<div class=\"wp-block-column is-layout-flow wp-block-column-is-layout-flow\">\n<figure class=\"wp-block-image aligncenter size-large is-resized\"><img fetchpriority=\"high\" decoding=\"async\" width=\"1024\" height=\"538\" src=\"https:\/\/centerfetewp.hiboubox.com\/wp-content\/uploads\/2026\/03\/1f382-4-1024x538.webp\" alt=\"\" class=\"wp-image-26\" style=\"aspect-ratio:1.9034171808258187;width:221px;height:auto\" srcset=\"https:\/\/centerfetewp.hiboubox.com\/wp-content\/uploads\/2026\/03\/1f382-4-1024x538.webp 1024w, https:\/\/centerfetewp.hiboubox.com\/wp-content\/uploads\/2026\/03\/1f382-4-300x158.webp 300w, https:\/\/centerfetewp.hiboubox.com\/wp-content\/uploads\/2026\/03\/1f382-4-768x403.webp 768w, https:\/\/centerfetewp.hiboubox.com\/wp-content\/uploads\/2026\/03\/1f382-4.webp 1200w\" sizes=\"(max-width: 1024px) 100vw, 1024px\" \/><figcaption class=\"wp-element-caption\">Anniversaire<\/figcaption><\/figure>\n<\/div>\n\n\n\n<div class=\"wp-block-column is-layout-flow wp-block-column-is-layout-flow\">\n<figure class=\"wp-block-image aligncenter size-large is-resized\"><img decoding=\"async\" width=\"1024\" height=\"538\" src=\"https:\/\/centerfetewp.hiboubox.com\/wp-content\/uploads\/2026\/03\/1f48d-4-1024x538.webp\" alt=\"\" class=\"wp-image-29\" style=\"aspect-ratio:1.9035358329378262;width:221px;height:auto\" srcset=\"https:\/\/centerfetewp.hiboubox.com\/wp-content\/uploads\/2026\/03\/1f48d-4-1024x538.webp 1024w, https:\/\/centerfetewp.hiboubox.com\/wp-content\/uploads\/2026\/03\/1f48d-4-300x158.webp 300w, https:\/\/centerfetewp.hiboubox.com\/wp-content\/uploads\/2026\/03\/1f48d-4-768x403.webp 768w, https:\/\/centerfetewp.hiboubox.com\/wp-content\/uploads\/2026\/03\/1f48d-4.webp 1200w\" sizes=\"(max-width: 1024px) 100vw, 1024px\" \/><figcaption class=\"wp-element-caption\">Mariage<\/figcaption><\/figure>\n<\/div>\n\n\n\n<div class=\"wp-block-column is-layout-flow wp-block-column-is-layout-flow\">\n<figure class=\"wp-block-image aligncenter size-full is-resized\"><img decoding=\"async\" width=\"256\" height=\"256\" src=\"https:\/\/centerfetewp.hiboubox.com\/wp-content\/uploads\/2026\/03\/OIP-2-1.webp\" alt=\"\" class=\"wp-image-30\" style=\"width:108px;height:auto\" srcset=\"https:\/\/centerfetewp.hiboubox.com\/wp-content\/uploads\/2026\/03\/OIP-2-1.webp 256w, https:\/\/centerfetewp.hiboubox.com\/wp-content\/uploads\/2026\/03\/OIP-2-1-150x150.webp 150w\" sizes=\"(max-width: 256px) 100vw, 256px\" \/><figcaption class=\"wp-element-caption\">D\u00e9guisements<\/figcaption><\/figure>\n<\/div>\n<\/div>\n\n\n\n<div class=\"wp-block-columns is-layout-flex wp-container-core-columns-is-layout-28f84493 wp-block-columns-is-layout-flex\">\n<div class=\"wp-block-column is-layout-flow wp-block-column-is-layout-flow\">\n<figure class=\"wp-block-image aligncenter size-full is-resized\"><img loading=\"lazy\" decoding=\"async\" width=\"1024\" height=\"1024\" src=\"https:\/\/centerfetewp.hiboubox.com\/wp-content\/uploads\/2026\/03\/8b9f6517375e044df8a50b09b7e9ed10.png\" alt=\"\" class=\"wp-image-32\" style=\"width:101px;height:auto\" srcset=\"https:\/\/centerfetewp.hiboubox.com\/wp-content\/uploads\/2026\/03\/8b9f6517375e044df8a50b09b7e9ed10.png 1024w, https:\/\/centerfetewp.hiboubox.com\/wp-content\/uploads\/2026\/03\/8b9f6517375e044df8a50b09b7e9ed10-300x300.png 300w, https:\/\/centerfetewp.hiboubox.com\/wp-content\/uploads\/2026\/03\/8b9f6517375e044df8a50b09b7e9ed10-150x150.png 150w, https:\/\/centerfetewp.hiboubox.com\/wp-content\/uploads\/2026\/03\/8b9f6517375e044df8a50b09b7e9ed10-768x768.png 768w\" sizes=\"(max-width: 1024px) 100vw, 1024px\" \/><figcaption class=\"wp-element-caption\">C\u00e9l\u00e9brations enfants<\/figcaption><\/figure>\n<\/div>\n\n\n\n<div class=\"wp-block-column is-layout-flow wp-block-column-is-layout-flow\">\n<figure class=\"wp-block-image aligncenter size-full is-resized\"><img loading=\"lazy\" decoding=\"async\" width=\"180\" height=\"180\" src=\"https:\/\/centerfetewp.hiboubox.com\/wp-content\/uploads\/2026\/03\/OIP-4.webp\" alt=\"\" class=\"wp-image-33\" style=\"width:103px;height:auto\" srcset=\"https:\/\/centerfetewp.hiboubox.com\/wp-content\/uploads\/2026\/03\/OIP-4.webp 180w, https:\/\/centerfetewp.hiboubox.com\/wp-content\/uploads\/2026\/03\/OIP-4-150x150.webp 150w\" sizes=\"(max-width: 180px) 100vw, 180px\" \/><figcaption class=\"wp-element-caption\">Art de table<\/figcaption><\/figure>\n<\/div>\n\n\n\n<div class=\"wp-block-column is-layout-flow wp-block-column-is-layout-flow\">\n<figure class=\"wp-block-image aligncenter size-full is-resized\"><img loading=\"lazy\" decoding=\"async\" width=\"740\" height=\"643\" src=\"https:\/\/centerfetewp.hiboubox.com\/wp-content\/uploads\/2026\/03\/icono-aislado-vector-lapiz-labial-ilustracion-emoji-lapiz-labial-emoticono-aislado-vector-lapiz-labial_603823-884.jpg\" alt=\"\" class=\"wp-image-34\" style=\"aspect-ratio:1.1508608321377332;width:129px;height:auto\" srcset=\"https:\/\/centerfetewp.hiboubox.com\/wp-content\/uploads\/2026\/03\/icono-aislado-vector-lapiz-labial-ilustracion-emoji-lapiz-labial-emoticono-aislado-vector-lapiz-labial_603823-884.jpg 740w, https:\/\/centerfetewp.hiboubox.com\/wp-content\/uploads\/2026\/03\/icono-aislado-vector-lapiz-labial-ilustracion-emoji-lapiz-labial-emoticono-aislado-vector-lapiz-labial_603823-884-300x261.jpg 300w\" sizes=\"(max-width: 740px) 100vw, 740px\" \/><figcaption class=\"wp-element-caption\">Maquillage<\/figcaption><\/figure>\n<\/div>\n<\/div>\n\n\n\n<div class=\"wp-block-columns is-layout-flex wp-container-core-columns-is-layout-28f84493 wp-block-columns-is-layout-flex\">\n<div class=\"wp-block-column is-layout-flow wp-block-column-is-layout-flow\">\n<figure class=\"wp-block-image aligncenter size-full is-resized\"><img loading=\"lazy\" decoding=\"async\" width=\"980\" height=\"980\" src=\"https:\/\/centerfetewp.hiboubox.com\/wp-content\/uploads\/2026\/03\/552597-icone-de-vecteur-de-logo-de-feux-d-39-artifice-eclatant-gratuit-vectoriel-1.jpg\" alt=\"\" class=\"wp-image-37\" style=\"width:156px;height:auto\" srcset=\"https:\/\/centerfetewp.hiboubox.com\/wp-content\/uploads\/2026\/03\/552597-icone-de-vecteur-de-logo-de-feux-d-39-artifice-eclatant-gratuit-vectoriel-1.jpg 980w, https:\/\/centerfetewp.hiboubox.com\/wp-content\/uploads\/2026\/03\/552597-icone-de-vecteur-de-logo-de-feux-d-39-artifice-eclatant-gratuit-vectoriel-1-300x300.jpg 300w, https:\/\/centerfetewp.hiboubox.com\/wp-content\/uploads\/2026\/03\/552597-icone-de-vecteur-de-logo-de-feux-d-39-artifice-eclatant-gratuit-vectoriel-1-150x150.jpg 150w, https:\/\/centerfetewp.hiboubox.com\/wp-content\/uploads\/2026\/03\/552597-icone-de-vecteur-de-logo-de-feux-d-39-artifice-eclatant-gratuit-vectoriel-1-768x768.jpg 768w\" sizes=\"(max-width: 980px) 100vw, 980px\" \/><figcaption class=\"wp-element-caption\">Artifices<\/figcaption><\/figure>\n<\/div>\n\n\n\n<div class=\"wp-block-column is-layout-flow wp-block-column-is-layout-flow\">\n<figure class=\"wp-block-image aligncenter size-full is-resized\"><img loading=\"lazy\" decoding=\"async\" width=\"180\" height=\"180\" src=\"https:\/\/centerfetewp.hiboubox.com\/wp-content\/uploads\/2026\/03\/OIP-1-2.webp\" alt=\"\" class=\"wp-image-38\" style=\"width:126px;height:auto\" srcset=\"https:\/\/centerfetewp.hiboubox.com\/wp-content\/uploads\/2026\/03\/OIP-1-2.webp 180w, https:\/\/centerfetewp.hiboubox.com\/wp-content\/uploads\/2026\/03\/OIP-1-2-150x150.webp 150w\" sizes=\"(max-width: 180px) 100vw, 180px\" \/><figcaption class=\"wp-element-caption\">Nos magasins : N\u00eemes et Avignon<\/figcaption><\/figure>\n<\/div>\n\n\n\n<div class=\"wp-block-column is-layout-flow wp-block-column-is-layout-flow\"><\/div>\n<\/div>\n\n\n\n<div class=\"wp-block-cover is-light\"><span aria-hidden=\"true\" class=\"wp-block-cover__background has-pale-pink-background-color has-background-dim-100 has-background-dim\"><\/span><div class=\"wp-block-cover__inner-container is-layout-constrained wp-block-cover-is-layout-constrained\">\n<h3 class=\"wp-block-heading has-text-align-center\">\ud83c\udf88 Gonflement \u00e0 l&rsquo;h\u00e9lium disponible en magasin !<\/h3>\n\n\n\n<p class=\"has-text-align-center\">Faites gonfler vos ballons sur place \u2014 service rapide et professionnel<\/p>\n\n\n\n<div class=\"wp-block-buttons is-content-justification-center is-layout-flex wp-container-core-buttons-is-layout-5b5683f2 wp-block-buttons-is-layout-flex\">\n<div class=\"wp-block-button\"><a class=\"wp-block-button__link wp-element-button\"><strong>\ud83c\udf80 Ballons personnalis\u00e9s<\/strong><\/a><\/div>\n\n\n\n<div class=\"wp-block-button\"><a class=\"wp-block-button__link wp-element-button\">\ud83c\udf1f Arches de ballons<\/a><\/div>\n\n\n\n<div class=\"wp-block-button\"><a class=\"wp-block-button__link has-text-align-center wp-element-button\"><strong>\ud83d\udca8 Gonflement h\u00e9lium<\/strong><\/a><\/div>\n<\/div>\n<\/div><\/div>\n\n\n\n<p><\/p>\n\n\n\n<h2 class=\"wp-block-heading has-text-align-center has-vivid-purple-color has-text-color has-link-color wp-elements-409a29b432fafce39ac0d9817a044b39\">Pourquoi choisir Center F\u00eate ?<\/h2>\n\n\n\n<p class=\"has-text-align-center\">Votre sp\u00e9cialiste local pour tous vos \u00e9v\u00e9nements festifs<\/p>\n\n\n\n<p><\/p>\n\n\n\n<div class=\"wp-block-columns is-layout-flex wp-container-core-columns-is-layout-28f84493 wp-block-columns-is-layout-flex\">\n<div class=\"wp-block-column is-layout-flow wp-block-column-is-layout-flow\">\n<h3 class=\"wp-block-heading has-text-align-center\"> \ud83c\udfea2 Magasins<\/h3>\n\n\n\n<p class=\"has-text-align-center\">Retrouvez-nous \u00e0 N\u00eemes et \u00e0 Avignon pour profiter de notre large s\u00e9lection d&rsquo;articles festifs.<\/p>\n<\/div>\n\n\n\n<div class=\"wp-block-column is-layout-flow wp-block-column-is-layout-flow\">\n<h3 class=\"wp-block-heading has-text-align-center\">\ud83c\udf89Large choix<\/h3>\n\n\n\n<p class=\"has-text-align-center\">Plus de 1000 r\u00e9f\u00e9rences pour tous vos \u00e9v\u00e9nements : anniversaires, mariages, bapt\u00eames, Halloween&#8230;<\/p>\n<\/div>\n\n\n\n<div class=\"wp-block-column is-layout-flow wp-block-column-is-layout-flow\">\n<h3 class=\"wp-block-heading has-text-align-center\">\ud83e\udd1dConseil personnalis\u00e9<\/h3>\n\n\n\n<p class=\"has-text-align-center\">Notre \u00e9quipe est l\u00e0 pour vous aider \u00e0 trouver les articles parfaits pour votre \u00e9v\u00e9nement.<\/p>\n<\/div>\n<\/div>\n\n\n\n<p><\/p>\n","protected":false},"excerpt":{"rendered":"<p>Faites de chaque momentune f\u00eate inoubliable D\u00e9couvrez notre large choix d&rsquo;articles festifs pour tous vos \u00e9v\u00e9nements : anniversaires, mariages, bapt\u00eames, d\u00e9guisements et bien plus encore Tous vos articles de f\u00eate Trouvez tout ce qu&rsquo;il vous faut pour organiser une f\u00eate r\u00e9ussie Pourquoi choisir Center F\u00eate ? Votre sp\u00e9cialiste local pour tous vos \u00e9v\u00e9nements festifs \ud83c\udfea2 [&hellip;]<\/p>\n","protected":false},"author":1,"featured_media":0,"parent":0,"menu_order":0,"comment_status":"closed","ping_status":"closed","template":"","meta":{"footnotes":""},"class_list":["post-6","page","type-page","status-publish","hentry"],"_links":{"self":[{"href":"https:\/\/centerfetewp.hiboubox.com\/index.php\/wp-json\/wp\/v2\/pages\/6","targetHints":{"allow":["GET"]}}],"collection":[{"href":"https:\/\/centerfetewp.hiboubox.com\/index.php\/wp-json\/wp\/v2\/pages"}],"about":[{"href":"https:\/\/centerfetewp.hiboubox.com\/index.php\/wp-json\/wp\/v2\/types\/page"}],"author":[{"embeddable":true,"href":"https:\/\/centerfetewp.hiboubox.com\/index.php\/wp-json\/wp\/v2\/users\/1"}],"replies":[{"embeddable":true,"href":"https:\/\/centerfetewp.hiboubox.com\/index.php\/wp-json\/wp\/v2\/comments?post=6"}],"version-history":[{"count":4,"href":"https:\/\/centerfetewp.hiboubox.com\/index.php\/wp-json\/wp\/v2\/pages\/6\/revisions"}],"predecessor-version":[{"id":84,"href":"https:\/\/centerfetewp.hiboubox.com\/index.php\/wp-json\/wp\/v2\/pages\/6\/revisions\/84"}],"wp:attachment":[{"href":"https:\/\/centerfetewp.hiboubox.com\/index.php\/wp-json\/wp\/v2\/media?parent=6"}],"curies":[{"name":"wp","href":"https:\/\/api.w.org\/{rel}","templated":true}]}}