{"id":55,"date":"2026-03-31T17:03:43","date_gmt":"2026-03-31T15:03:43","guid":{"rendered":"https:\/\/centerfetewp.hiboubox.com\/?page_id=55"},"modified":"2026-03-31T17:03:43","modified_gmt":"2026-03-31T15:03:43","slug":"%f0%9f%8d%bd%ef%b8%8f-art-de-table","status":"publish","type":"page","link":"https:\/\/centerfetewp.hiboubox.com\/index.php\/%f0%9f%8d%bd%ef%b8%8f-art-de-table\/","title":{"rendered":"\ud83c\udf7d\ufe0f Art de Table"},"content":{"rendered":"\n<p class=\"has-text-align-center\">Vaisselle jetable, nappes, chemins de table et tous les accessoires pour dresser une belle table festive<\/p>\n\n\n\n<div class=\"wp-block-media-text is-stacked-on-mobile\"><figure class=\"wp-block-media-text__media\"><img fetchpriority=\"high\" decoding=\"async\" width=\"640\" height=\"768\" src=\"https:\/\/centerfetewp.hiboubox.com\/wp-content\/uploads\/2026\/03\/1acd6875475b7cacc136906572623b4a.jpg\" alt=\"\" class=\"wp-image-56 size-full\" srcset=\"https:\/\/centerfetewp.hiboubox.com\/wp-content\/uploads\/2026\/03\/1acd6875475b7cacc136906572623b4a.jpg 640w, https:\/\/centerfetewp.hiboubox.com\/wp-content\/uploads\/2026\/03\/1acd6875475b7cacc136906572623b4a-250x300.jpg 250w\" sizes=\"(max-width: 640px) 100vw, 640px\" \/><\/figure><div class=\"wp-block-media-text__content\">\n<p class=\"has-text-align-center\"><strong>Une belle table pour chaque occasion<\/strong><\/p>\n\n\n\n<p>Chez Center F\u00eate, nous proposons une large gamme de vaisselle jetable et d&rsquo;articles de table pour tous vos \u00e9v\u00e9nements. Pratique, color\u00e9e et assortie, notre collection s&rsquo;adapte \u00e0 tous les th\u00e8mes.<\/p>\n\n\n\n<p>Des assiettes aux couverts en passant par les gobelets, nappes et chemins de table, vous trouverez tout ce qu&rsquo;il vous faut pour dresser une table festive sans effort.<\/p>\n\n\n\n<p>\ud83c\udf74Centres de table et d\u00e9corations<\/p>\n\n\n\n<p>\ud83c\udf74Assiettes jetables rondes et rectangulaires<\/p>\n\n\n\n<p>\ud83c\udf74Gobelets et verres jetables<\/p>\n\n\n\n<p>\ud83c\udf74Couverts jetables <\/p>\n\n\n\n<p>\ud83c\udf74Nappes et napperons<\/p>\n\n\n\n<p>\ud83c\udf74Chemins de table<\/p>\n\n\n\n<p>\ud83c\udf74Serviettes en papier d\u00e9cor\u00e9es<\/p>\n<\/div><\/div>\n\n\n\n<p><\/p>\n\n\n\n<h2 class=\"wp-block-heading has-text-align-center\">Notre s\u00e9lection art de table<\/h2>\n\n\n\n<p class=\"has-text-align-center\">Du pratique et du beau pour vos tables de f\u00eate<\/p>\n\n\n\n<div class=\"wp-block-columns is-layout-flex wp-container-core-columns-is-layout-28f84493 wp-block-columns-is-layout-flex\">\n<div class=\"wp-block-column is-layout-flow wp-block-column-is-layout-flow\">\n<figure class=\"wp-block-image aligncenter size-full is-resized\"><img decoding=\"async\" width=\"466\" height=\"466\" src=\"https:\/\/centerfetewp.hiboubox.com\/wp-content\/uploads\/2026\/03\/assiette-jetable.jpg\" alt=\"\" class=\"wp-image-57\" style=\"width:165px;height:auto\" srcset=\"https:\/\/centerfetewp.hiboubox.com\/wp-content\/uploads\/2026\/03\/assiette-jetable.jpg 466w, https:\/\/centerfetewp.hiboubox.com\/wp-content\/uploads\/2026\/03\/assiette-jetable-300x300.jpg 300w, https:\/\/centerfetewp.hiboubox.com\/wp-content\/uploads\/2026\/03\/assiette-jetable-150x150.jpg 150w\" sizes=\"(max-width: 466px) 100vw, 466px\" \/><figcaption class=\"wp-element-caption\">Assiettes jetables<\/figcaption><\/figure>\n<\/div>\n\n\n\n<div class=\"wp-block-column is-layout-flow wp-block-column-is-layout-flow\">\n<figure class=\"wp-block-image aligncenter size-full is-resized\"><img decoding=\"async\" width=\"894\" height=\"873\" src=\"https:\/\/centerfetewp.hiboubox.com\/wp-content\/uploads\/2026\/03\/gobelets-colores.jpg\" alt=\"\" class=\"wp-image-58\" style=\"aspect-ratio:1.024064853823567;width:171px;height:auto\" srcset=\"https:\/\/centerfetewp.hiboubox.com\/wp-content\/uploads\/2026\/03\/gobelets-colores.jpg 894w, https:\/\/centerfetewp.hiboubox.com\/wp-content\/uploads\/2026\/03\/gobelets-colores-300x293.jpg 300w, https:\/\/centerfetewp.hiboubox.com\/wp-content\/uploads\/2026\/03\/gobelets-colores-768x750.jpg 768w\" sizes=\"(max-width: 894px) 100vw, 894px\" \/><figcaption class=\"wp-element-caption\">Gobelets &amp; verres<\/figcaption><\/figure>\n<\/div>\n\n\n\n<div class=\"wp-block-column is-layout-flow wp-block-column-is-layout-flow\">\n<figure class=\"wp-block-image aligncenter size-full is-resized\"><img loading=\"lazy\" decoding=\"async\" width=\"400\" height=\"267\" src=\"https:\/\/centerfetewp.hiboubox.com\/wp-content\/uploads\/2026\/03\/photo-1519225421980-715cb0215aed.jpg\" alt=\"\" class=\"wp-image-59\" style=\"aspect-ratio:1.498225625700411;width:232px;height:auto\" srcset=\"https:\/\/centerfetewp.hiboubox.com\/wp-content\/uploads\/2026\/03\/photo-1519225421980-715cb0215aed.jpg 400w, https:\/\/centerfetewp.hiboubox.com\/wp-content\/uploads\/2026\/03\/photo-1519225421980-715cb0215aed-300x200.jpg 300w\" sizes=\"(max-width: 400px) 100vw, 400px\" \/><figcaption class=\"wp-element-caption\">Nappes &amp; napperons<\/figcaption><\/figure>\n<\/div>\n<\/div>\n\n\n\n<div class=\"wp-block-columns is-layout-flex wp-container-core-columns-is-layout-28f84493 wp-block-columns-is-layout-flex\">\n<div class=\"wp-block-column is-layout-flow wp-block-column-is-layout-flow\">\n<figure class=\"wp-block-image aligncenter size-large is-resized\"><img loading=\"lazy\" decoding=\"async\" width=\"789\" height=\"1024\" src=\"https:\/\/centerfetewp.hiboubox.com\/wp-content\/uploads\/2026\/03\/chemin-de-table-789x1024.webp\" alt=\"\" class=\"wp-image-60\" style=\"aspect-ratio:0.770509125840538;width:170px;height:auto\" srcset=\"https:\/\/centerfetewp.hiboubox.com\/wp-content\/uploads\/2026\/03\/chemin-de-table-789x1024.webp 789w, https:\/\/centerfetewp.hiboubox.com\/wp-content\/uploads\/2026\/03\/chemin-de-table-231x300.webp 231w, https:\/\/centerfetewp.hiboubox.com\/wp-content\/uploads\/2026\/03\/chemin-de-table-768x996.webp 768w, https:\/\/centerfetewp.hiboubox.com\/wp-content\/uploads\/2026\/03\/chemin-de-table-1184x1536.webp 1184w, https:\/\/centerfetewp.hiboubox.com\/wp-content\/uploads\/2026\/03\/chemin-de-table-1579x2048.webp 1579w, https:\/\/centerfetewp.hiboubox.com\/wp-content\/uploads\/2026\/03\/chemin-de-table.webp 1850w\" sizes=\"(max-width: 789px) 100vw, 789px\" \/><figcaption class=\"wp-element-caption\">Chemins de table<\/figcaption><\/figure>\n<\/div>\n\n\n\n<div class=\"wp-block-column is-layout-flow wp-block-column-is-layout-flow\">\n<figure class=\"wp-block-image aligncenter size-full is-resized\"><img loading=\"lazy\" decoding=\"async\" width=\"800\" height=\"919\" src=\"https:\/\/centerfetewp.hiboubox.com\/wp-content\/uploads\/2026\/03\/serviette-de-table.jpg\" alt=\"\" class=\"wp-image-61\" style=\"aspect-ratio:0.8705301427098595;width:188px;height:auto\" srcset=\"https:\/\/centerfetewp.hiboubox.com\/wp-content\/uploads\/2026\/03\/serviette-de-table.jpg 800w, https:\/\/centerfetewp.hiboubox.com\/wp-content\/uploads\/2026\/03\/serviette-de-table-261x300.jpg 261w, https:\/\/centerfetewp.hiboubox.com\/wp-content\/uploads\/2026\/03\/serviette-de-table-768x882.jpg 768w\" sizes=\"(max-width: 800px) 100vw, 800px\" \/><figcaption class=\"wp-element-caption\">Serviettes d\u00e9cor\u00e9es<\/figcaption><\/figure>\n<\/div>\n\n\n\n<div class=\"wp-block-column is-layout-flow wp-block-column-is-layout-flow\">\n<figure class=\"wp-block-image aligncenter size-full is-resized\"><img loading=\"lazy\" decoding=\"async\" width=\"400\" height=\"580\" src=\"https:\/\/centerfetewp.hiboubox.com\/wp-content\/uploads\/2026\/03\/couvertsjetables.png\" alt=\"\" class=\"wp-image-62\" style=\"aspect-ratio:0.6896655489639756;width:152px;height:auto\" srcset=\"https:\/\/centerfetewp.hiboubox.com\/wp-content\/uploads\/2026\/03\/couvertsjetables.png 400w, https:\/\/centerfetewp.hiboubox.com\/wp-content\/uploads\/2026\/03\/couvertsjetables-207x300.png 207w\" sizes=\"(max-width: 400px) 100vw, 400px\" \/><figcaption class=\"wp-element-caption\">Couverts jetables<\/figcaption><\/figure>\n<\/div>\n<\/div>\n","protected":false},"excerpt":{"rendered":"<p>Vaisselle jetable, nappes, chemins de table et tous les accessoires pour dresser une belle table festive Une belle table pour chaque occasion Chez Center F\u00eate, nous proposons une large gamme de vaisselle jetable et d&rsquo;articles de table pour tous vos \u00e9v\u00e9nements. Pratique, color\u00e9e et assortie, notre collection s&rsquo;adapte \u00e0 tous les th\u00e8mes. Des assiettes aux [&hellip;]<\/p>\n","protected":false},"author":2,"featured_media":0,"parent":0,"menu_order":0,"comment_status":"closed","ping_status":"closed","template":"","meta":{"footnotes":""},"class_list":["post-55","page","type-page","status-publish","hentry"],"_links":{"self":[{"href":"https:\/\/centerfetewp.hiboubox.com\/index.php\/wp-json\/wp\/v2\/pages\/55","targetHints":{"allow":["GET"]}}],"collection":[{"href":"https:\/\/centerfetewp.hiboubox.com\/index.php\/wp-json\/wp\/v2\/pages"}],"about":[{"href":"https:\/\/centerfetewp.hiboubox.com\/index.php\/wp-json\/wp\/v2\/types\/page"}],"author":[{"embeddable":true,"href":"https:\/\/centerfetewp.hiboubox.com\/index.php\/wp-json\/wp\/v2\/users\/2"}],"replies":[{"embeddable":true,"href":"https:\/\/centerfetewp.hiboubox.com\/index.php\/wp-json\/wp\/v2\/comments?post=55"}],"version-history":[{"count":1,"href":"https:\/\/centerfetewp.hiboubox.com\/index.php\/wp-json\/wp\/v2\/pages\/55\/revisions"}],"predecessor-version":[{"id":63,"href":"https:\/\/centerfetewp.hiboubox.com\/index.php\/wp-json\/wp\/v2\/pages\/55\/revisions\/63"}],"wp:attachment":[{"href":"https:\/\/centerfetewp.hiboubox.com\/index.php\/wp-json\/wp\/v2\/media?parent=55"}],"curies":[{"name":"wp","href":"https:\/\/api.w.org\/{rel}","templated":true}]}}